1)?
2
Let m(p) = -p**3 - p**2 + 5. Suppose -q + 0 = 2. Let a = -2 - q. Determine m(a).
5
Suppose -5*n + 30 = 4*q, 3*q - 6 = 5*n + 34. Let c = -6 + q. Let r(s) = -3*s - 2*s + 5 + c*s + 0*s. Determine r(3).
2
Let j(g) be the third derivative of -5*g**4/24 + g**3/6 + 28*g**2. What is j(-4)?
21
Let z(x) = 6*x**3 - 14 - x - 5*x**3 + 3. What is z(0)?
-11
Let i(m) be the third derivative of 1/12*m**5 + 0 + 1/24*m**4 + 0*m - m**2 - 1/6*m**3. Let x be i(1). Let a(c) = -c**2 + 6*c - 6. Calculate a(x).
-1
Let o(g) = g - 6. Let h be o(7). Let v(s) = -s + 1 + 8*s**3 - 4*s**2 + 6*s**2 + 0 - 3*s**2. Calculate v(h).
7
Let a(d) = -8*d**2. Let k(t) = -t**3 + 5*t**2 - 4*t - 1. Let h be k(4). Determine a(h).
-8
Let t(z) = -z**3 + 11*z**2 - 8*z - 14. Let l be t(10). Suppose -4*g + 2 + l = 0. Let c(v) = 6*v + 2 + g + 0*v + v**2. Calculate c(-5).
-1
Let n(s) = 4*s**2 + 4*s + 2. Let a(o) = -o**2 - o - 1. Let z(u) = a(u) + n(u). Suppose -3*j + 2 = -4*j. Give z(j).
7
Let f(h) = -h**3 + 5*h**2 + 2. Suppose -5*x + 1 = -4, 3*x = -4*y + 23. Give f(y).
2
Let v(o) = 3*o**2 - 3*o + 1. Suppose 2*p + 6 = 2*g, 0 = -3*g - 2*p + p + 5. Determine v(g).
7
Let s(o) = o. Let p(m) = 2*m**2 + 12*m - 4. Let v be p(-6). What is s(v)?
-4
Let b(z) = z**3 + 3 + 86*z + 90*z - 174*z. Calculate b(-2).
-9
Let f(o) = o**2 - 7*o**2 - 4*o + 3*o + 0*o**2. Let s be -1*2*(-3)/6. Let t be 0 - (1 + 0/s). Calculate f(t).
-5
Let h(g) = -17*g**2 + 2 + 16*g**2 + g**3 + 9*g**2 + 9*g. Give h(-6).
20
Let z(p) = -p**2 + 4*p - 4. Suppose 2*w - 14 - 18 = 0. Let t = -7 + w. Suppose 9 = -5*x - 6, -3*s - x = -t. Calculate z(s).
-4
Let o(q) = q. Let m(r) = r**2 + 6*r + 4. Let s(g) = -m(g) + o(g). What is s(-4)?
0
Let a(d) be the third derivative of d**4/6 + 2*d**3/3 - 15*d**2. Calculate a(-3).
-8
Let t = 4 - 2. Let c = 1 - t. Let l(m) = m - 2*m - 3*m + 3*m. Give l(c).
1
Suppose -4*b + 5*t + 16 = 0, 3*b + 8 = 5*b + 3*t. Let n be (b/4)/((-1)/(-5)). Let z(i) = i - 2. Give z(n).
3
Suppose 0 - 8 = -2*y. Let i(f) be the first derivative of 1/4*f**4 - 5/3*f**3 + 3 + 5/2*f**2 + 2*f. Determine i(y).
6
Let i(v) = v**3 - 6*v**2 + 3*v + 6. Suppose 0 = 4*n - 12 - 12. Determine i(n).
24
Let j(b) = 2*b**2 + 2*b + 1. Let w(k) = 2*k - 12. Let g be w(5). Give j(g).
5
Let z(x) be the second derivative of -x**2 + 1/6*x**3 - 1/6*x**4 + 4*x + 1/10*x**5 + 0. What is z(2)?
8
Suppose 0 = -v - 3*n - 17 + 5, -28 = 3*v + 5*n. Let m be -1 - (-3)/(v/4). Let y(l) = 2*l**2 + 4*l + 1. Give y(m).
7
Let g(r) = 3*r + 13. Let c(t) = 4*t + 14. Let d(o) = 4*c(o) - 5*g(o). Give d(8).
-1
Let i = -6 - -4. Let f(a) = a**3 + 2*a**2 - 3*a - 5. Let j(g) = 5*g**3 + 9*g**2 - 12*g - 21. Let h(p) = 9*f(p) - 2*j(p). Calculate h(i).
11
Let m(b) = 2*b**2 + 5*b. Let j(x) be the third derivative of 3*x**2 - 1/30*x**5 + 0 + 0*x - 1/4*x**4 + 0*x**3. Let d(p) = 6*j(p) + 7*m(p). Give d(-2).
10
Suppose 0 - 6 = r. Let a = -6 - r. Suppose -w + 2*w + 3 = a. Let d(b) = -b**3 - 5*b**2 - 2*b + 1. Calculate d(w).
-11
Let l be 1/2*(3 + 1). Let v(u) = -7*u + 2. Give v(l).
-12
Let f(l) = -3*l - 1. Let m be f(3). Let x(d) = d**3 + 9*d**2 - 10*d + 3. Let y be x(m). Let t(q) = -q**3 - q**2 + 3*q - 4*q + 4*q**2 + 1. Calculate t(y).
-2
Let o(i) = -2*i - 6. Let a be o(-5). Let r(f) = -f**3 + 5*f**2 - 5*f + 6. Determine r(a).
2
Let k be (6/(-4))/(1/(-2)). Suppose -4*d = 3 - 19. Let o(f) = -2*f + 6*f - 5*f**2 + f**3 - 4*f + d*f. Determine o(k).
-6
Let v(n) = -26*n + 9*n - 1 + 21*n + 4. Give v(-5).
-17
Let f(z) = 32 - 63 + 35 - 3*z**2 + z**2 - 3*z. Suppose g + 1 = -2. Determine f(g).
-5
Let i(v) = 2 - 4*v**2 + 4 + v - 5. Let d = -2 + 1. Let u be (-3)/(-3)*d*1. Determine i(u).
-4
Suppose -5*o + 4*o + 1 = 0. Suppose o = 4*h - 5*y, 7*y = 3*h + 3*y. Let z(k) = 0 - 3*k + h*k**2 + k**3 - k + 6. Calculate z(-5).
1
Let y(n) = -8*n + 5. Let w be y(1). Let q(d) = -d**3 - 4*d**2 - 3*d - 4. Give q(w).
-4
Suppose 2*b = -4*l + 40, -2*b = -2*l - 10 - 6. Let y = -4 + 0. Let h be (6/y)/(b/32). Let t(m) = -m + 1. Give t(h).
5
Let n(g) = 4*g**2 - 1. Let k be ((-8)/(-6))/(-2)*3. Let v(p) = -p**3 - p**2 - p. Let b be v(-2). Let o be k/6 + (-4)/b. Give n(o).
3
Let t(x) be the first derivative of x**5/60 - x**4/6 + x**3/2 - x**2 + 1. Let y(n) be the second derivative of t(n). Let q = -3 - -7. What is y(q)?
3
Let g(d) = -d**3 + 2*d**2. Let j(a) = -a**3 + 3*a**2. Let q(s) = -3*g(s) + 2*j(s). Determine q(1).
1
Let r(b) = -23*b - 2*b**2 + 0*b**2 + 24*b - 5*b**2. Calculate r(-1).
-8
Let j be (1/(-2))/(10/20). Let h(w) = 20*w**3 - w. Determine h(j).
-19
Let v(z) = -z**2 + 8*z - 9. Suppose 0*p - 5*p - 60 = 0. Let u = 18 + p. Determine v(u).
3
Suppose -r = 5, -3*w + 4*r = -0*w - 17. Suppose -6*h + h = 0. Let s(o) = -2*o + 3*o + 2*o**2 + h*o**2. What is s(w)?
1
Suppose 2*z - 7 = -19. Let n(p) be the first derivative of 3*p**2 + 20*p - 4. Let s(y) = 2*y + 7. Let l(w) = z*n(w) + 17*s(w). What is l(2)?
-5
Let o(v) = -v**3 + 6*v**2 - 4*v. Suppose -z - 43 = -4*l, -3*l - 4*z + 2 + 54 = 0. Let i be l/3 + (-2 - -3). What is o(i)?
5
Let t(y) be the second derivative of -y**5/60 + 7*y**4/24 - y**3/2 + 3*y**2/2 + 2*y. Let m(q) be the first derivative of t(q). What is m(5)?
7
Let i(f) = 12*f + 9. Let a(t) = -6*t - 5. Let o(k) = -11*a(k) - 6*i(k). What is o(-2)?
13
Let d(t) = -2*t + 1. Let b be 42/(-8) - 9/12. Let a = b - -1. Determine d(a).
11
Suppose 4*f - 10 - 14 = 0. Let x = f + -2. Let o(l) = -l**3 + 4*l**2 + l + 3. Give o(x).
7
Let h(v) = -31*v**2 + 9*v - 7. Let t(i) = -15*i**2 + 4*i - 3. Let x(u) = 2*h(u) - 5*t(u). Give x(1).
12
Let l(d) be the second derivative of -d**3/3 - d**2 + 7*d. What is l(3)?
-8
Let m(j) = j**3 - 4*j**2 - 2*j + 2. Suppose 1 - 9 = -2*i. Calculate m(i).
-6
Suppose 10*w = 12*w + 14. Let j(g) = -2*g - 2. Let d(t) = 2*t + 3. Let l(r) = w*j(r) - 6*d(r). Determine l(3).
2
Let k = 43 - 47. Let a(u) be the third derivative of 0 + u**2 + 0*u + 0*u**3 + 1/12*u**5 + 5/24*u**4 + 1/120*u**6. What is a(k)?
-4
Let t(o) = -o**3 - 2 + 25*o**2 - 3*o - 24*o**2 + 5*o. Give t(2).
-2
Let d(v) be the first derivative of 3*v + v**2 - 2*v + 2 - 2*v**2. Suppose -4*o + 5*k - 7 = 0, -2*k = -3*o + k - 3. Give d(o).
-3
Suppose 0 = -4*k + k + 6. Let i(a) = -a**2 + 0*a**2 - 11*a**3 + 1 - a + 1 + 12*a**3. Give i(k).
4
Let m(f) = -3*f**2 + 2*f + 1. Suppose -4*c = 27 - 7. Let a(k) = -k**2 + k + 1. Let y(x) = c*a(x) + 2*m(x). Determine y(0).
-3
Let b(c) = 3*c - 1. Suppose -3*h - 36 = -a, -2*h + 0*a + 3*a = 24. Let i = h - -14. Determine b(i).
5
Let h(p) = -3*p**2 - p + 4. Let j(a) = 2*a**2 + a - 5. Let y(b) = 3*h(b) + 4*j(b). What is y(0)?
-8
Suppose 0 = -3*y + 5*t + 9, 46 = 5*y + 5*t - 3*t. Suppose 4 = 4*w - y. Let q(c) = -c**2 + 2*c. Calculate q(w).
-3
Let q be (-221)/(-117) + (-2)/(-18). Let a(g) = 3*g - q + 2*g - 2*g + 0*g. Give a(3).
7
Let t(w) be the third derivative of 0 + 1/60*w**5 + 5/24*w**4 + 0*w**3 + 0*w - 7*w**2. Determine t(-6).
6
Suppose 0 = 5*i - 4*c + 33, 5*i + 29 = -0*i + 2*c. Let z(k) be the first derivative of -k**3/3 - 7*k**2/2 - 4*k - 5. What is z(i)?
6
Let l be ((-34)/(-3))/(4/6). Let b(p) = 11*p - 8. Let n(k) = -4*k + 3. Let u(c) = l*n(c) + 6*b(c). Suppose 5*i = i + 4*z + 16, 4*z = 2*i - 8. Give u(i).
-5
Suppose 4*t + y = 22, -2*y - 7 - 4 = -3*t. Let u(c) = 0*c - 4*c + t*c + 5. Let n be 26/(-7) + (-4)/14. Calculate u(n).
1
Let y = 11 - 8. Let k(d) = 1 + 12*d**y + 5*d - 26*d**3 + 0*d + 13*d**3 - 4*d**2. Calculate k(-5).
1
Let o(j) be the first derivative of j + 5 + 3/2*j**2. What is o(4)?
13
Let d(b) = -b**2 + 3*b + 5. Let q = 33 - 28. What is d(q)?
-5
Let x(f) = 5*f + 16. Let o(l) = l + 3. Let g(m) = -11*o(m) + 2*x(m). Give g(-5).
4
Suppose 3*u + 2*a - 9 = 0, -2*a + 4 = u - 3. Let w(q) = 0 + 2*q**2 - q**2 - 7*q**3 - 1 + 0*q**2. Calculate w(u).
-7
Let s(k) = -4 + 3 + 5 + 8*k - 3. Give s(-1).
-7
Let n(k) = 4 + 5 + k - 1 + 1. Calculate n(-4).
5
Suppose 5 = 5*n + 2*l - 7*l, 0 = 3*l - 9. Let a(c) be the first derivative of 5/2*c**2 - 1/3*c**3 + 0*c - 1. Determine a(n).
4
Suppose -6 + 0 = 2*s. Let i(t) = -4*t**2 - t - 3. Let d(l) = -l**2 + 1. Let k(p) = s*d(p) - i(p). Let w = 2 + -3. Calculate k(w).
6
Let h be (-12)/(1 - -2) - -12. Let t(f) = -f**3 + 8*f**2 - 2. Give t(h).
-2
Let q = -32 + 35. Let z(h) = h**3 - 2*h**2 - 3*h + 2. Give z(q).
2
Let x(l) = -5*l - 14. Let o be x(-4). Let u(r) = r**2 - 10*r + 4. What is u(o)?
